03 (base 8) to base 6.
-55135
-dcf (base 16) to base 13
-17bc
What is -392 (base 12) in base 13?
-329
What is 449 (base 11) in base 7?
1365
What is 199 (base 16) in base 14?
213
1583 (base 10) to base 6
11155
What is -322202 (base 6) in base 14?
-98b8
62b2 (base 12) to base 8
25046
Convert 7760 (base 9) to base 16.
165c
101100111 (base 2) to base 3
111022
What is -2737 (base 8) in base 4?
-113133
54464 (base 8) to base 6
253420
What is -ba3 (base 15) in base 12?
-1630
Convert 311 (base 4) to base 12.
45
What is -12420 (base 11) in base 6?
-214241
Convert 111110000 (base 2) to base 6.
2144
-1044 (base 5) to base 7
-302
Convert a0 (base 13) to base 8.
202
What is -41022 (base 7) in base 5?
-304323
Convert -11010 (base 2) to base 9.
-28
Convert 105416 (base 7) to base 12.
aa0b
201054 (base 7) to base 2
1000010011001100
Convert -110000111111111 (base 2) to base 14.
-91dd
-2025 (base 7) to base 5
-10310
What is 4ad (base 15) in base 7?
3046
20769 (base 10) to base 13
95b8
What is -3140 (base 7) in base 4?
-101102
-1480 (base 9) to base 15
-500
Convert -1492a (base 11) to base 5.
-1133321
Convert -112012 (base 3) to base 11.
-319
-1007 (base 14) to base 2
-101010111111
Convert -1344 (base 16) to base 10.
-4932
1340110 (base 6) to base 2
10010010111001010
What is -1011 (base 8) in base 10?
-521
What is -545 (base 8) in base 9?
-436
Convert 3795 (base 14) to base 5.
302420
Convert 129 (base 12) to base 4.
2301
Convert -100 (base 8) to base 14.
-48
11230 (base 5) to base 6
3435
2433 (base 10) to base 7
10044
Convert 22506 (base 8) to base 4.
2111012
What is -100544 (base 6) in base 9?
-11851
-210121220 (base 3) to base 8
-36625
-93b (base 12) to base 5
-20333
Convert 43064 (base 7) to base 4.
2212313
-15075 (base 8) to base 14
-263b
What is d6d (base 14) in base 7?
10466
What is -592 (base 13) in base 14?
-4cc
Convert 1011101 (base 3) to base 10.
847
Convert 21010 (base 3) to base 10.
192
1ca (base 13) to base 11
285
Convert 162 (base 9) to base 6.
345
What is -762 (base 11) in base 14?
-495
What is -1642 (base 7) in base 5?
-10132
122302 (base 6) to base 10
10910
143022 (base 6) to base 11
a264
12113 (base 5) to base 2
1110001100
What is -20131 (base 4) in base 13?
-328
Convert 10011010111 (base 2) to base 16.
4d7
What is 28b (base 14) in base 8?
1003
What is -384 (base 13) in base 3?
-211210
842 (base 9) to base 16
2ae
Convert 13332 (base 5) to base 7.
3120
Convert -1212101 (base 3) to base 12.
-954
What is 234 (base 6) in base 3?
10111
What is 15625 (base 8) in base 2?
1101110010101
What is 2c3e (base 16) in base 12?
667a
17a08 (base 13) to base 9
68538
What is -8092 (base 14) in base 11?
-15653
What is 20300230 (base 4) in base 16?
8c2c
What is -4321 (base 7) in base 16?
-5fe
-211011121 (base 3) to base 7
-65056
11404 (base 5) to base 6
3542
What is 65 (base 10) in base 11?
5a
Convert 6086 (base 10) to base 5.
143321
26211 (base 8) to base 3
120122021
Convert 19038 (base 10) to base 15.
5993
Convert -321 (base 5) to base 16.
-56
Convert 111101001 (base 2) to base 4.
13221
What is -1c7 (base 16) in base 12?
-31b
680 (base 9) to base 11
468
10221122 (base 3) to base 9
3848
2115 (base 15) to base 10
6995
Convert 17316 (base 11) to base 2.
101111100010010
What is 14130 (base 5) in base 12?
811
Convert -3749 (base 12) to base 2.
-1100001101001
What is 32a (base 13) in base 6?
2303
Convert -3827 (base 13) to base 9.
-11842
-244034 (base 5) to base 15
-2b2e
What is 9cec (base 15) in base 5?
2031142
Convert -11223 (base 4) to base 10.
-363
What is 330322 (base 4) in base 5?
111043
11d6 (base 14) to base 2
110000111000
-61 (base 15) to base 9
-111
Convert 159 (base 12) to base 10.
213
3a06 (base 11) to base 4
1101121
What is -16301 (base 7) in base 16?
-11ff
Convert -1012013 (base 4) to base 8.
-10607
What is 16a (base 12) in base 4?
3202
What is 14bb (base 13) in base 5?
44102
What is -571a (base 15) in base 9?
-27307
What is -1263 (base 7) in base 11?
-402
What is 10025 (base 6) in base 8?
2441
What is 2677 (base 8) in base 2?
10110111111
What is -13566 (base 10) in base 13?
-6237
What is 487 (base 14) in base 2?
1110000111
What is 551 (base 8) in base 13?
21a
What is -670 (base 10) in base 9?
-824
Convert 105115 (base 6) to base 3.
110012202
-12311 (base 5) to base 9
-1272
What is -d91 (base 14) in base 6?
-20215
Convert 311 (base 10) to base 9.
375
What is 245a (base 12) in base 14?
16d0
-1543 (base 7) to base 4
-21223
eb9a (base 16) to base 14
17da2
-2101 (base 3) to base 14
-48
283 (base 10) to base 4
10123
Convert 10111101000101 (base 2) to base 9.
17535
What is -12345 (base 6) in base 4?
-131021
Convert 112551 (base 7) to base 11.
14181
What is -1103012 (base 4) in base 12?
-30b2
Convert -1034 (base 5) to base 10.
-144
Convert 612 (base 16) to base 13.
927
2334 (base 11) to base 8
5766
13215 (base 6) to base 2
11111101011
Convert 100100001111 (base 2) to base 16.
90f
What is 3066 (base 8) in base 6?
11210
32a3 (base 16) to base 2
11001010100011
What is 26be (base 15) in base 3?
102100122
-4b5 (base 12) to base 9
-872
4101 (base 5) to base 16
20e
4011 (base 13) to base 10
8802
1797 (base 15) to base 14
1bda
Convert 5501 (base 9) to base 13.
1ac8
118618 (base 9) to base 12
35775
What is 3173 (base 10) in base 3?
11100112
-fde (base 16) to base 12
-2426
Convert -13000 (base 5) to base 8.
-1750
What is -334 (base 7) in base 8?
-254
1213423 (base 5) to base 9
34472
What is -159 (base 12) in base 5?
-1323
-46245 (base 8) to base 5
-1111441
Convert -2746 (base 16) to base 4.
-2131012
Convert -96 (base 12) to base 15.
-79
Convert -2989 (base 10) to base 2.
-101110101101
What is -a131 (base 11) in base 3?
-200110201
Convert 22232 (base 7) to base 11.
423a
-74 (base 16) to base 9
-138
Convert 263bb (base 12) to base 7.
305546
What is -10110001111011 (base 2) in base 14?
-4215
What is -11b4 (base 13) in base 14?
-cb7
312 (base 7) to base 4
2130
Convert -1114 (base 9) to base 13.
-4b4
-363a (base 16) to base 11
-a480
What is 12303021 (base 4) in base 8?
66311
Convert -113222 (base 4) to base 13.
-8c6
Convert -21217 (base 10) to base 8.
-51341
What is 1103412 (base 5) in base 4?
10230200
-44305 (base 7) to base 15
-346d
What is -1100111001011 (base 2) in base 14?
-2599
What is 11013 (base 4) in base 7?
645
6b3 (base 12) to base 9
1330
What is 22522 (base 11) in base 8?
77475
-21 (base 5) to base 9
-12
What is -10000100011001011 (base 2) in base 15?
-15142
-1225 (base 6) to base 11
-258
1643 (base 7) to base 5
10133
What is 10367 (base 9) in base 7?
26005
333 (base 16) to base 13
4b0
What is -12445 (base 6) in base 13?
-b33
-18886 (base 11) to base 3
-1100010222
-17 (base 16) to base 7
-32
Convert 13b0 (base 12) to base 8.
4364
777 (base 9) to base 4
21331
-a118 (base 12) to base 8
-42044
Convert 105 (base 16) to base 3.
100200
What is 160 (base 9) in base 5?
1020
Convert 1571 (base 9) to base 10.
1198
686 (base 15) to base 7
4206
Convert 46b2 (base 13) to base 3.
111122102
Convert 9d8 (base 14) to base 8.
3642
-422310 (base 5) to base 4
-3130000
-2122003 (base 4) to base 9
-14464
21120212 (base 3) to base 7
22061
332200 (base 5) to base 3
120211210
649 (base 12) to base 11
768
Convert -348 (base 12) to base 4.
-13220
What is -8a5 (base 16) in base 14?
-b41
What is 96c (base 15) in base 8?
4117
Convert -2322121 (base 4) to base 16.
-2e99
What is 2103 (base 4) in base 6?
403
Convert -101111010 (base 2) to base 5.
-3003
What is -2304 (base 5) in base 15?
-16e
What is 1016 (base 12) in base 11?
1348
What is 91b9 (base 12) in base 6?
201153
-122311 (base 6) to base 9
-15867
-244330 (base 5) to base 4
-2101330
Convert 14611 (base 10) to base 3.
202001011
dae (base 15) to base 11
2359
25e (base 16) to base 8
1136
-252266 (base 7) to base 9
-70642
Convert -80 (base 13) to base 11.
-95
What is -196b8 (base 13) in base 5?
-3040444
-1144134 (base 6) to base 11
-41535
Convert -3a3a (base 13) to base 6.
-102322
What is -422 (base 11) in base 12?
-364
Convert 21e (base 16) to base 15.
262
10021222 (base 3) to base 6
15042
-561 (base 7) to base 11
-242
36b9 (base 12) to base 14
2381
What is -7688 (base 10) in base 5?
-221223
-3390 (base 13) to base 8
-16057
What is 17a6 (base 12) in base 3?
10221000
What is 101011110100 (base 2) in base 16?
af4
What is -c032 (base 13) in 